{"id":33,"date":"2023-04-25T13:56:19","date_gmt":"2023-04-25T11:56:19","guid":{"rendered":"https:\/\/energiespiege.org\/rando\/?post_type=product&#038;p=33"},"modified":"2026-04-13T16:26:19","modified_gmt":"2026-04-13T14:26:19","slug":"pack-rando-repas-adherent-e","status":"publish","type":"product","link":"https:\/\/energiespiege.org\/rando\/produit\/pack-rando-repas-adherent-e\/","title":{"rendered":"Pack Rando + Repas Adh\u00e9rent.e"},"content":{"rendered":"<p>Attention ! Le jour de r\u00e9ception des bracelets, il y aura une v\u00e9rification de votre statut d&rsquo;adh\u00e9rent.<\/p>\n","protected":false},"excerpt":{"rendered":"<p>Attention ! Le jour de r\u00e9ception des bracelets, il y aura une v\u00e9rification de votre statut d&rsquo;adh\u00e9rent.<\/p>\n","protected":false},"featured_media":846,"template":"","meta":[],"product_brand":[],"product_cat":[20,22,33,24],"product_tag":[],"class_list":{"0":"post-33","1":"product","2":"type-product","3":"status-publish","4":"has-post-thumbnail","6":"product_cat-pack-rando","7":"product_cat-pedestre","8":"product_cat-trail","9":"product_cat-vtt","11":"first","12":"instock","13":"featured","14":"shipping-taxable","15":"purchasable","16":"product-type-variable","17":"has-default-attributes"},"_links":{"self":[{"href":"https:\/\/energiespiege.org\/rando\/wp-json\/wp\/v2\/product\/33","targetHints":{"allow":["GET"]}}],"collection":[{"href":"https:\/\/energiespiege.org\/rando\/wp-json\/wp\/v2\/product"}],"about":[{"href":"https:\/\/energiespiege.org\/rando\/wp-json\/wp\/v2\/types\/product"}],"wp:featuredmedia":[{"embeddable":true,"href":"https:\/\/energiespiege.org\/rando\/wp-json\/wp\/v2\/media\/846"}],"wp:attachment":[{"href":"https:\/\/energiespiege.org\/rando\/wp-json\/wp\/v2\/media?parent=33"}],"wp:term":[{"taxonomy":"product_brand","embeddable":true,"href":"https:\/\/energiespiege.org\/rando\/wp-json\/wp\/v2\/product_brand?post=33"},{"taxonomy":"product_cat","embeddable":true,"href":"https:\/\/energiespiege.org\/rando\/wp-json\/wp\/v2\/product_cat?post=33"},{"taxonomy":"product_tag","embeddable":true,"href":"https:\/\/energiespiege.org\/rando\/wp-json\/wp\/v2\/product_tag?post=33"}],"curies":[{"name":"wp","href":"https:\/\/api.w.org\/{rel}","templated":true}]}}